132032 + -10?
-1213132102
In base 13, what is 14a49 - -4?
14a50
In base 14, what is -24916 - 3?
-24919
In base 11, what is -4255 - 26?
-4280
In base 12, what is -204 + 7a2?
59a
In base 12, what is 72 + -23a01?
-2394b
In base 10, what is 2 + 6451?
6453
In base 9, what is -3244 + -31?
-3275
In base 16, what is -2 + -35536?
-35538
In base 2, what is 11 + 11111100110?
11111101001
In base 4, what is 3110111 + -30?
3110021
In base 16, what is -83f + 14?
-82b
In base 9, what is 12 + 100377?
100400
In base 7, what is 104564 + -100?
104464
In base 6, what is -51 + -4140?
-4231
In base 7, what is -5342 + -20?
-5362
In base 4, what is -1331011 - 1?
-1331012
In base 15, what is -10 - 11d45?
-11d55
In base 4, what is 2012 - 12200?
-10122
In base 5, what is 2422 + -314?
2103
In base 12, what is a9791 - 0?
a9791
In base 5, what is -11 + 100044?
100033
In base 3, what is -12 + 2110211221022?
2110211221010
In base 9, what is -1365 - 12?
-1377
In base 4, what is 3120001 + -2131?
3111210
In base 12, what is 2 - 51765?
-51763
In base 12, what is -99958 - -1?
-99957
In base 9, what is -8 - 7355?
-7364
In base 5, what is -1234 + -402142?
-403431
In base 15, what is -184c81 - 2?
-184c83
In base 13, what is 20ab + 8?
20b6
In base 14, what is -19b12 - -48?
-19aa8
In base 9, what is -18 + -3603?
-3622
In base 6, what is 10043 + 1005?
11052
In base 11, what is 365920 - -4?
365924
In base 13, what is -23a - 42?
-27c
In base 7, what is 0 - -525002?
525002
In base 5, what is 4 + -1412342?
-1412333
In base 2, what is 1000011001 + 10010?
1000101011
In base 9, what is -7 - 260203?
-260211
In base 6, what is 31253511 + -3?
31253504
In base 8, what is -52 + -3366?
-3440
In base 9, what is -44 + -135806?
-135851
In base 16, what is -463218 + -5?
-46321d
In base 6, what is -102324 - -1?
-102323
In base 13, what is a - -59c10?
59c1a
In base 14, what is 4 + -58a5c?
-58a58
In base 14, what is 68d0 - -5?
68d5
In base 4, what is -113332111 + 123?
-113331322
In base 6, what is 132043345 + 0?
132043345
In base 4, what is 3 + 21111301?
21111310
In base 15, what is 40 + a8a?
aca
In base 10, what is -32 - -3373?
3341
In base 9, what is -85340 - -52?
-85277
In base 15, what is -4 + -18a1?
-18a5
In base 8, what is -1165437 + 2?
-1165435
In base 15, what is -2 - -69723?
69721
In base 14, what is -6126 + -14?
-613a
In base 6, what is 345110 - 2?
345104
In base 12, what is -2a584 + -8?
-2a590
In base 16, what is 5 + cea34?
cea39
In base 5, what is -3300124 - -4?
-3300120
In base 5, what is 10 - 14111444?
-14111434
In base 15, what is -10196 - e?
-101a5
In base 7, what is -146213 - 3?
-146216
In base 13, what is -1719 + 1a?
-16cc
In base 14, what is -30a5 - -3c?
-3067
In base 5, what is -232 - -112402?
112120
In base 9, what is -4 + -844618?
-844623
In base 3, what is 10 + 1012112110001?
1012112110011
In base 8, what is -6231 - 465?
-6716
In base 9, what is 14668 - 4?
14664
In base 6, what is 2 - -114000?
114002
In base 3, what is 1012222212 + 12?
1020000001
In base 4, what is -211 - 11120?
-11331
In base 8, what is 203760 - 4?
203754
In base 11, what is -3872 + -256?
-4018
In base 2, what is 101111110100100 - -100000?
101111111000100
In base 8, what is 10 + 5013?
5023
In base 9, what is 0 + 33055?
33055
In base 16, what is -a - -1e784?
1e77a
In base 14, what is 16528d1 + 1?
16528d2
In base 8, what is 6 + 162025?
162033
In base 14, what is 25129 + -5?
25124
In base 3, what is 12 + -1212120000022?
-1212120000010
In base 10, what is -194534 + 5?
-194529
In base 5, what is -1220011401 + -3?
-1220011404
In base 5, what is 3012230 - 122?
3012103
In base 9, what is -157348 + 5?
-157343
In base 13, what is -6c + 51?
-1b
In base 12, what is 5bb8 - -68?
6064
In base 3, what is 1021101 + 1?
1021102
In base 11, what is 351 + 2203?
2554
In base 10, what is 2 + 11314?
11316
In base 12, what is 3336 + -4?
3332
In base 2, what is -1000100001000001111 - 100?
-1000100001000010011
In base 7, what is 1164411 + -14?
1164364
In base 2, what is 1010010 - 11100001?
-10001111
In base 7, what is -156301 + 5?
-156263
In base 14, what is 55c8 - -5?
55cd
In base 12, what is -64 - 791?
-835
In base 5, what is -210 - -20220?
20010
In base 12, what is -20ab + -128?
-2217
In base 9, what is 2 - -261154?
261156
In base 5, what is 14 + 13031242?
13031311
In base 5, what is 2 + -104333012?
-104333010
In base 8, what is -21 - -10026?
10005
In base 12, what is -4b - -157?
108
In base 4, what is 0 + -2302331011?
-2302331011
In base 3, what is -210101221 + -10?
-210102001
In base 16, what is -299f7 - -3?
-299f4
In base 4, what is -302031113 + 10?
-302031103
In base 8, what is -1511 + 247?
-1242
In base 16, what is -c - -e0c6?
e0ba
In base 8, what is -2 - 126724?
-126726
In base 9, what is 1 + -47318?
-47317
In base 14, what is -ca + -40?
-12a
In base 14, what is 15 + -31?
-1a
In base 14, what is -3b + 2000?
1da3
In base 2, what is -100001 - 10010100100111000?
-10010100101011001
In base 9, what is 0 - 2657450?
-2657450
In base 12, what is 118 - -a903?
aa1b
In base 6, what is 12 - 33141?
-33125
In base 12, what is -8aa - -17?
-893
In base 13, what is 2 + -9825?
-9823
In base 4, what is 1332202 - 3022?
1323120
In base 11, what is -3a465 + 0?
-3a465
In base 8, what is -675021 + 3?
-675016
In base 3, what is -201 - 22220101112?
-22220102020
In base 15, what is -2 + 11c1c7?
11c1c5
In base 15, what is 27 - 4a22?
-49ea
In base 16, what is -2dd1ab + 5?
-2dd1a6
In base 2, what is 1111000010 - 10001010000?
-10001110
In base 3, what is 12102 + 121120001?
121202110
In base 7, what is 13 + 154442?
154455
In base 12, what is -7 + -a1757?
-a1762
In base 13, what is -4 - -11653?
1164c
In base 10, what is 4 + -9376?
-9372
In base 6, what is 2240330 - -114?
2240444
In base 3, what is -11002021 - 1202?
-11011000
In base 8, what is -1650 - 6220?
-10070
In base 11, what is 11272 - -179?
11440
In base 15, what is 203ca - a?
203c0
In base 14, what is 1266c + 1?
1266d
In base 6, what is -1 + -132213?
-132214
In base 10, what is 3019 + -141?
2878
In base 12, what is -3116 + -1?
-3117
In base 4, what is 0 + -133100000?
-133100000
In base 6, what is 11 - 340402?
-340351
In base 12, what is 1b4a - -a?
1b58
In base 4, what is 221 + -313002?
-312121
In base 5, what is 423 - -100041?
101014
In base 11, what is 1209 + 837?
1a45
In base 2, what is 110010001100100011001 + -11?
110010001100100010110
In base 5, what is -23123244 + -10?
-23123304
In base 10, what is 2872 - 11?
2861
In base 10, what is 3 + 40974?
40977
In base 7, what is -5 + -64233?
-64241
In base 3, what is 1212121102 - 20101?
1212101001
In base 9, what is -4782 + 277?
-4504
In base 10, what is -11887 - 16?
-11903
In base 5, what is 3 - -10432310?
10432313
In base 8, what is -122 + 12521?
12377
In base 5, what is -3 + 324412?
324404
In base 2, what is 11 + 10011110010110?
10011110011001
In base 8, what is -125715 + 5?
-125710
In base 6, what is 1014 + -22412?
-21354
In base 13, what is -27 + -c508?
-c532
In base 2, what is 1011 + -111110100111?
-111110011100
In base 4, what is -223012032 - -1?
-223012031
In base 14, what is -2d8438 - -3?
-2d8435
In base 13, what is 249 - -9c?
318
In base 2, what is -1111010101 + -1001101?
-10000100010
In base 7, what is 5 + -20204?
-20166
In base 12, what is -2 + 23435b?
234359
In base 14, what is -43594 + -2?
-43596
In base 6, what is 23 + -1?
22
In base 11, what is 1209942 - 1?
1209941
In base 7, what is -4053 - -3153?
-600
In base 4, what is -10 - -10221000?
10220330
In base 12, what is -81760 + 0?
-81760
In base 12, what is -5 - -368a?
3685
In base 15, what is -13 + 1831e?
1830b
In base 16, what is -c16f3 + 6?
-c16ed
In base 9, what is 3 - 36140?
-36136
In base 14, what is -b6c5 + a?
-b6b9
In base 14, what is -ba - -113?
37
In base 15, what is 44 - -26?
6a
In base 6, what is -124153 + -4?
-124201
In base 5, what is 2 - -1221440?
1221442
In base 9, what is 4272404 - -2?
4272406
In base 4, what is 31101 - 303?
30132
In base 11, what is -64 + 7091?
7028
In base 10, what is 628 - 2472?
-1844
In base 8, what is 3 - 1413650?
-1413645
In base 16, what is -145bb - -3?
-145b8
In base 15, what is -64c4c + -2?
-64c4e
In base 11, what is -4 + -77a7?
-7800
In base 6, what is -42 - 3553455?
-3553541
In base 4, what is -102112132 + -2?
-102112200
In base 7, what is -204331 - 